 5*r - 380. What is the highest common divisor of g and r?
11
Let t = -34 - -39. Calculate the highest common divisor of t and 1.
1
Suppose -5*d - h = 3*h - 413, 0 = -2*d - 2*h + 164. Let p = -52 + d. Calculate the greatest common factor of p and 22.
11
Suppose 0 = 4*k - 2*a - 0*a - 72, 0 = -5*a + 20. Suppose 2*s = s. Suppose d + 2*d - 60 = s. What is the greatest common divisor of k and d?
20
Suppose 0 = -3*b - 4*d - d + 189, -3*b + 189 = -4*d. What is the highest common factor of 21 and b?
21
Let l(m) = -111*m - 15. Let f be l(-4). Calculate the greatest common divisor of f and 39.
39
Suppose 2*a + 5*y - 465 = 0, 0 = 2*a - 0*y + 3*y - 455. What is the highest common factor of 40 and a?
20
Suppose 0 = -4*x + 17 + 19. Suppose -297 = m - 4*m. What is the greatest common divisor of x and m?
9
Let k(a) = -2*a + 3. Let l = -2 + -2. Let g be k(l). What is the greatest common factor of g and 11?
11
Let b = -89 - -92. What is the greatest common factor of b and 12?
3
Suppose 5*o - 60 = 2*o. Suppose -4*z + h + 120 = 0, z + z - 50 = -2*h. Suppose -2*n + 31 = -z. Calculate the highest common divisor of o and n.
10
Let m be ((-20)/(-3))/(21/(-9) - -3). What is the greatest common factor of 25 and m?
5
Suppose y = -0*y + 12. Let t be 4/(-10) + 542/5. What is the greatest common divisor of y and t?
12
Let d be 12/((-3)/6*-3). Let c = d - 0. Let x be (0 - 1) + (0 - -21). What is the greatest common divisor of c and x?
4
Let b be 47 - (0 + 0 - 3). What is the highest common factor of b and 75?
25
Suppose -x + 26 = b, 0 = -3*x - x + b + 104. Calculate the highest common divisor of 208 and x.
26
Let y be 4/(-10) + (-4116)/(-15). Suppose 261 + 387 = -4*d. Let l = y + d. Calculate the highest common divisor of l and 16.
16
Let c(m) = m + 35. Suppose 46 - 106 = 4*b. Let s be c(b). Suppose a - 2*a + 30 = 0. Calculate the highest common divisor of a and s.
10
Suppose -72 = -6*m + 3*m. What is the greatest common factor of m and 16?
8
Let f be (-2)/(-11) - (-5516)/154. What is the greatest common divisor of 24 and f?
12
Let g be 107*(2 + -1) - 3. What is the highest common factor of g and 13?
13
Suppose 0 = 5*f - 256 - 144. Let s = 24 + -19. Suppose -s*a + 5 = 3*b, -2*b + 2*a + 25 = a. What is the highest common factor of f and b?
10
Let k = 8 - 10. Let p be -10*k/(-12)*90. Let s = p - -220. Calculate the greatest common factor of 10 and s.
10
Suppose 0 = -i - 4*i - 15. Let h(t) = -7*t - 5. Let k be h(i). What is the highest common divisor of k and 40?
8
Suppose -119*p + 118*p + 5 = 0. Let z be 2/(((-4)/14)/1). Let q be (-278)/z + 2/7. Calculate the highest common factor of q and p.
5
Let i = 9 - -63. Calculate the greatest common divisor of i and 9.
9
Let w = -25 - -40. Let c be (-30)/(-4)*(-12)/(-10). Let r be ((-21)/(-9) - 2)*c. Calculate the greatest common divisor of w and r.
3
Suppose -5*w + 32 = -13. Suppose -3*n + 8*n + 15 = 0. Let d be w - (-3 - -12)/n. Calculate the greatest common divisor of d and 84.
12
Let r(f) = -4*f**2 - 5. Let o(n) = 2*n**2 + 3. Let l(g) = -7*o(g) - 4*r(g). Let x be l(1). Let t = x + 3. What is the highest common factor of 4 and t?
4
Let g = -2 + 12. Suppose x - 455 = 3*r, 5*x + 0*r - 3*r - 2215 = 0. Suppose -10*z + 6*z + x = 0. What is the highest common factor of z and g?
10
Suppose 0 = -3*u + 24 + 12. Calculate the highest common divisor of 60 and u.
12
Let l(p) = -3*p - 15. Let h be l(-6). Let r be (2/(-4))/((-1)/66). What is the highest common divisor of h and r?
3
Suppose 80 = 4*a - x, -5*a + 2*a + 2*x + 60 = 0. Let t be (1 - (1 - a))/1. Let b be (15/t)/(2/160). Calculate the highest common divisor of 12 and b.
12
Let f(a) = a**3 + 2*a**2 + 3*a + 8. Let h be f(5). What is the highest common divisor of h and 18?
18
Let f = 56 + -21. Let p = 16 + -11. What is the highest common factor of p and f?
5
Let t(z) = z**3 - z**2 + z. Let g(j) = -6*j**3 + j**2 - 7*j. Let q(r) = -g(r) - 5*t(r). Let f be q(-2). Calculate the highest common divisor of 12 and f.
4
Suppose 5*r - 2*v + 9 = 0, v + 0 = -3. Let q be 150/(-8) + r/12. Let p = q - -35. What is the highest common divisor of 176 and p?
16
Let i(v) = v**3 + v**2 - 1. Let k be i(-1). Let f = 11 + k. Calculate the greatest common factor of 20 and f.
10
Let z = -19 + 9. Let w be (-4)/z*5*3. Let k(d) = -2*d**3 - 3*d**2 - 4*d - 3. Let i be k(-2). What is the highest common factor of i and w?
3
Suppose 3*o + 2*r = 25, -3*o + 4*o + r = 10. Let u = -3 + o. Suppose -u*m = -37 + 5. Calculate the greatest common factor of m and 40.
8
Suppose 0 = g - 3*a - 16, g - 2*a - 24 = 3*a. What is the greatest common factor of 14 and g?
2
Let j be ((4/6)/((-4)/(-66)))/1. What is the greatest common factor of 77 and j?
11
Suppose 0 = -5*i + 10 - 0. Suppose -4*x = -0*x + 16, 0 = -i*k + 5*x + 28. What is the highest common divisor of 2 and k?
2
Let c be ((-6)/(-5))/((-21)/(-70)). Calculate the highest common divisor of 44 and c.
4
Let a(s) = 2*s - 16. Let t be a(12). Let w be (-3)/12 - (-34)/8. Calculate the greatest common divisor of w and t.
4
Suppose -4*l + 126 + 114 = 0. Let o = 71 + -9. Suppose -7*n + 2*n = -2*p - o, -p = 5*n - 59. Calculate the highest common factor of l and n.
12
Let o(z) = 2*z**2 - z - 1. Let u be o(-1). Suppose -8 = -3*k + 22. Suppose -x - k = -u*x. What is the highest common factor of 80 and x?
10
Let m be 58 + (-3 - -3) + -3. Suppose m = -2*p + 187. Calculate the greatest common factor of p and 44.
22
Let f(a) = -a**2 + 16*a - 1. Let b be f(15). What is the greatest common factor of b and 42?
14
Let c(f) = 6*f + 37. Let o be c(-5). What is the highest common divisor of 7 and o?
7
Suppose 3*g - 26 = 46. Let v = 40 + g. What is the highest common divisor of v and 16?
16
Let g(r) = -3*r - 3. Let m be g(-5). What is the greatest common factor of 12 and m?
12
Let j be 10 - 0 - (-40)/20. What is the highest common factor of j and 3?
3
Suppose 0 = -2*d - d + 18. Let a be 94/6 + d/(-9). What is the highest common factor of a and 3?
3
Let v(q) be the first derivative of 11*q**3/3 + q**2/2 + 2. Let b be v(1). Let g = 55 + -7. What is the greatest common factor of g and b?
12
Let t(q) = -q**3 + 26*q**2 - 24*q + 32. Let k be t(25). What is the highest common factor of 228 and k?
57
Suppose -5*m = y - 51, -4*y - 2*m + 12 = -138. Suppose 0 = -4*r + 40 - 4. What is the greatest common factor of y and r?
9
Suppose 0 = -3*s - 10 + 79. Calculate the highest common factor of s and 184.
23
Let a = 17 + 31. Calculate the greatest common factor of 24 and a.
24
Let m(q) be the third derivative of 17*q**4/24 + q**3/3 - 4*q**2. Let k be m(7). Suppose 0 = -2*r + 16 + 6. What is the greatest common factor of r and k?
11
Let z = -29 - -47. Suppose 5*t + 1 - 21 = 0. Suppose 0 = -t*f + 340 - 52. What is the greatest common factor of f and z?
18
Let h = -100 + 103. What is the greatest common divisor of 21 and h?
3
Suppose 10 = -p - k, 44 = -4*p - 2*k - 0*k. Let w = 1 - p. Suppose 3*q + w = 4*f, 0 = 2*f - 5*q - 4 + 1. Calculate the greatest common divisor of 2 and f.
2
Let i(z) = 7*z + 1. Let c be i(-1). Let y be -12*((-4)/c + -2). Calculate the greatest common divisor of 144 and y.
16
Let k(a) = a + 17. Let r be k(-11). What is the greatest common factor of 24 and r?
6
Let h be (-1)/6 - (-7)/6. Let x be ((-2)/h)/((-2)/10). What is the greatest common divisor of 10 and x?
10
Let b(h) = 5*h + 10. Let j(m) = -16*m - 29. Let y(l) = -7*b(l) - 2*j(l). Let w be y(-10). Calculate the greatest common divisor of w and 36.
18
Let m(c) = c**2 - 6*c - 10. Let p be m(11). What is the highest common factor of p and 15?
15
Let o(l) = 2*l**2 + 5*l + 4. Let v be (-8)/(((-1)/1)/1). Let f = -11 + v. Let m be o(f). Calculate the greatest common divisor of 63 and m.
7
Let a be -4 - -3 - 0/1. Let f be 104 - (a/1 - 0). Calculate the greatest common factor of 15 and f.
15
Suppose -21 = -0*j - 3*j. Let r = 8 + j. What is the highest common factor of 5 and r?
5
Let j be (9/6)/((-3)/(-8)). Let o be 1 + 1/(1/j). Suppose -3*l = -6*l + 135. What is the highest common factor of o and l?
5
Suppose 0 = -5*a - y + 597, -a - 5*y + y = -127. What is the greatest common divisor of 17 and a?
17
Let u = 15 - -13. What is the greatest common factor of u and 42?
14
Let r = -34 + 56. Suppose r = -2*k + 76. Calculate the highest common divisor of k an